actors of ((-5)/10)/(d/22)?
11
Let c(o) = -o**3 + 8*o**2 + 12*o - 5. List the prime factors of c(9).
2, 11
Let k(v) = v**2 + 5*v - 9. Let w be k(-8). Suppose -17 = -4*n + w. What are the prime factors of n?
2
Let f = 2 - 2. Let b(s) = -s**2 - s - 48. Let t be b(f). What are the prime factors of t/(-5) - 2/(-5)?
2, 5
List the prime factors of ((-108)/(-10))/(8/20).
3
Let p be (-137)/(-2) - (-6)/(-4). Suppose p = 5*b + 17. Let v(i) = i + 13. What are the prime factors of v(b)?
23
Suppose -9*o - 777 = -12*o. List the prime factors of o.
7, 37
Let c = -4 + 7. Suppose c*d + 0*d - 42 = 0. Let h = d - 7. List the prime factors of h.
7
Let c = 242 + -117. List the prime factors of c.
5
Let j be (-2)/(-8) - 294/(-8). Suppose -152 + j = -5*c. List the prime factors of c.
23
List the prime factors of (1 - -1)*2*8.
2
Suppose -3*a = -3*n - 19 + 52, -3*a - 57 = 5*n. Suppose 4*k - 6 = k, -5*k - 70 = -4*s. Let x = s + a. What are the prime factors of x?
2, 3
Let k(h) = -h + 13. Let j = -29 - -18. What are the prime factors of k(j)?
2, 3
List the prime factors of 8*(-4 - -16) - -3.
3, 11
Let m = -3 - -3. Suppose 2*n - 50 = -m*n. Suppose k = 4*k + 15, -4*l = -k - n. What are the prime factors of l?
5
Suppose -2*y = 3*y + 10. Let i(t) = -9*t + 2. What are the prime factors of i(y)?
2, 5
Suppose 5 = n, -4*n + 41 = -3*d - 0*n. Let h(r) = -r**3 - 6*r**2 + 5*r - 10. What are the prime factors of h(d)?
2
What are the prime factors of 30 - -3 - 1/1?
2
Suppose 3*x + g - 295 = -0*g, -5*x - 3*g + 489 = 0. List the prime factors of x.
3, 11
Suppose -2*d - 22 = 5*b + d, 4*b - 2*d + 22 = 0. Let r(t) = -3*t**2 + 14*t. Let u(i) = i**2 - 7*i. Let n(g) = b*u(g) - 2*r(g). List the prime factors of n(-8).
2
Let s = 29 - -2. What are the prime factors of s?
31
Suppose 5*x + 30 = 10*x. Suppose c + 5*z = -9, 0 = -3*z - 3 - 6. What are the prime factors of ((-9)/x)/(c/(-40))?
2, 5
Let o be (-4)/5*15/(-2). Let y(b) = -b**2 + 5*b + 2. Let q be y(o). Let k = 10 + q. What are the prime factors of k?
2, 3
Suppose 7*z - 188 = 106. What are the prime factors of z?
2, 3, 7
Let m be (-3 - -21)*(-2)/(-2). Let n be (-4)/(-2) - (1 - 1). Suppose -2*w = -m + n. List the prime factors of w.
2
Suppose 2*k + 15 = k. Let p be 27*1 + k/(-5). Suppose -2*i = 5*b - 63, -b - 2*i + p = b. List the prime factors of b.
11
Let i(r) = -7*r - 1 + 12*r**2 - r**3 - 2*r**2 - 2. Let z be i(8). What are the prime factors of 2/4 + z/6?
2, 3
Suppose 3*c - 2*p = -7*p + 1027, -4*c + 1371 = 5*p. List the prime factors of c.
2, 43
Let x = 70 + -6. List the prime factors of x.
2
Suppose -2*h = -r + 21 + 12, 2*h = -5*r + 177. Suppose -n - r = -5*s, 0*n = 5*s - 2*n - 40. Suppose o = -o + s. What are the prime factors of o?
3
Let k = 1 - -4. Let u(g) = -g**3 + 4*g**2 + 6*g. Let l be u(k). Suppose l*p = 3*r + 69, -5*r - 40 = -4*p + 23. List the prime factors of p.
2, 3
Let w(m) = 6*m**3 - m**2 - m - 9. What are the prime factors of w(3)?
3, 47
Suppose -3*t - t + 52 = 4*h, h - 5*t = -11. Suppose 9 = -j + 2*i, -2*j - 3*j - 45 = i. What are the prime factors of 3/h + (-42)/j?
5
Let q(m) = m**3 - 10*m**2 - 9*m - 4. Suppose 3*h - h - 22 = 0. What are the prime factors of q(h)?
2, 3
Suppose -2*t = t. Let s(o) = o**2 + 8. Let b(m) = m**2 + 8. Let f(v) = -3*b(v) + 4*s(v). List the prime factors of f(t).
2
Suppose -2*z - 2*z = 0. Suppose -3*t + 164 - 59 = z. Suppose 0 = -6*o + o + t. List the prime factors of o.
7
Let q be (-1)/(-4) + 10/(-8). List the prime factors of (-18)/(q/(-2)*-3).
2, 3
Let v(o) be the first derivative of 2*o**2 + 2*o - 2. List the prime factors of v(7).
2, 3, 5
Suppose -5*k + 2*k = 2*w - 164, -k + 63 = -w. List the prime factors of k.
2, 29
Let i(b) = 2*b + 13. What are the prime factors of i(10)?
3, 11
Let w be (16/(-56))/((-2)/28). What are the prime factors of w/(-12) - 104/(-6)?
17
Let q be -10 + 9 + (0 - -5). Suppose -3*h = -h + 24. What are the prime factors of q*((-3)/h + 2)?
3
Suppose 17 = s - 3*a, -2*a + 1 = -3*s + 24. Let y = s - -3. Suppose 0 = 5*u + 4*z - 61, 2*u + 2*z - y = 16. List the prime factors of u.
13
Let p(d) = -11*d - 1. Let t be p(-1). Suppose -4*x + 54 = 3*i + t, -51 = -3*i + 3*x. What are the prime factors of i?
2
Let w be (-1568)/(-40) + (-1)/5. Let b = 10 + w. List the prime factors of b.
7
Let q be (66/(-10))/((-3)/15). Let w = q - 46. Let u = 24 + w. List the prime factors of u.
11
List the prime factors of (-3 + 4 - 0)*61.
61
Let w = 99 + -229. Let k be (-2)/(-7) + w/(-35). Suppose -4*m - 20 = -9*m, -k*d + 20 = -2*m. What are the prime factors of d?
7
Let n(z) = -z**2 - 7*z - 4. Let t be n(-6). Let l(k) = -k**2 - 3*k - t*k**3 + 3*k**2 - 4*k**2 - 2. List the prime factors of l(-2).
2, 3
Suppose -1 + 17 = 4*m. Suppose -5*z - 4*d = 10, -2*z = 4*d + 12 + m. Suppose -z*n + g = -21, 4*g + 14 = n - 0*g. List the prime factors of n.
2, 5
Let k(s) = -s**2 + 7*s + 9. List the prime factors of k(7).
3
Suppose 5*y - 2*b - 4 = 0, -2*b + 15 = 3*b. Suppose -y*q + 8 = 2*q + 2*j, 0 = -3*q + j - 4. Suppose q = -w + 7 + 2. List the prime factors of w.
3
Let j(h) = -h - 3*h - h + h**3 - 3 + 4*h**2. Let n be j(-5). Let w = 0 - n. What are the prime factors of w?
3
Suppose -4*x = -11 + 3. Suppose x*s - 6 = -s. Suppose -2*t + 0*t + s*m + 18 = 0, 5*t - 36 = -4*m. List the prime factors of t.
2
Suppose 305 = 3*a + 2*s, -5*a + 4*s = -a - 420. What are the prime factors of a?
103
Let a be (1 + 0 + -4)/(-1). Suppose 4*o - 54 = 2*n, o + a*n = -2*n + 8. What are the prime factors of o + (-2)/(2 + 0)?
2, 3
Let q be (-8)/6*(-51)/2. Let d = q + -1. List the prime factors of d.
3, 11
Let f(d) be the first derivative of d**2 + d + 1. Suppose 0 = u + 2*u + p - 13, -u + p + 7 = 0. List the prime factors of f(u).
11
Suppose -5*y + 837 = 4*y. List the prime factors of y.
3, 31
Suppose -5*r - 30 = -4*m, -2*m + 3*r + 6 = 5*r. Suppose n - m*n = -12. List the prime factors of 18 + (2 - 12/n).
2
Let x(g) = -g**3 + 5*g**2 - 3*g - 1. Let w be x(4). Suppose -4*v = 3*f - 10, w = 3*f + v - 4. List the prime factors of f.
2
Let r(f) = 13*f**2 - 1. Let l be r(-1). Let j = 12 + -8. Suppose -j*n + 3*u = n - 43, -3*u = -l. List the prime factors of n.
11
Let p = -32 + 76. Let v = 85 - p. List the prime factors of v.
41
Let j(b) = -5*b**2 + b - 1. Let y be j(1). Let r = -3 - y. List the prime factors of r + (15/3)/1.
7
Let v = 5 - 2. Suppose v*a - 5*a + 4 = 0. List the prime factors of (-1)/a + (-14)/(-4).
3
Let w be (1 - -2)*4/6. Let l be 2*34/(-12)*-3. Suppose -w = 3*d - l. What are the prime factors of d?
5
Suppose 5*z - 335 = -2*n - 3*n, -2*z = -2*n - 134. List the prime factors of z.
67
Let r = -11 - -133. List the prime factors of r.
2, 61
Suppose -r = -5*r + 16. Suppose 0 = -5*t + d + 158, t + r*d = -4*t + 168. What are the prime factors of t?
2
Suppose 3*n = 2*n + 7. Suppose -g + 0*g = -n. List the prime factors of g.
7
Let f be (-4)/10 - (-4)/10. Suppose -4*q + q + 150 = f. What are the prime factors of q/8 - 1/4?
2, 3
Let y(o) be the third derivative of o**6/120 + 2*o**5/15 + 7*o**4/24 + o**3/2 + o**2. List the prime factors of y(-5).
43
Let o be 1*-2 + (-36 - -2). Let p = -22 - o. What are the prime factors of p?
2, 7
List the prime factors of 23*(2 - (-3)/(-3)).
23
Let f = -16 - -26. Let i be (168/35)/(1/f). Suppose 3*o = -0*o + i. List the prime factors of o.
2
Let f be (-106)/22 + 14/(-77). What are the prime factors of 4 + f + 13 - -2?
2, 7
Let d(j) = -j - 2. Let k be d(2). Let x = 44 + k. List the prime factors of x.
2, 5
Let v(j) = -j**3 + 5*j**2 + j + 1. Let o be v(5). Suppose -5*p - o = -1, -3*r + 4*p = -61. Let s = -9 + r. What are the prime factors of s?
2, 5
Suppose -5*u + w + 155 = -112, -w + 3 = 0. Suppose 4*c - u = 50. What are the prime factors of c?
2, 13
Suppose l - 21 = -y - 0*l, -105 = -5*y - l. What are the prime factors of y?
3, 7
Let a = -35 - -69. List the prime factors of a.
2, 17
Let x(z) = z**2 + 9*z + 18. What are the prime factors of x(-10)?
2, 7
Let b = 10 - 14. Let q = b + 15. What are the prime factors of q?
11
Let f be 31 - (0 + 1)/(-1). Let t(j) = 2*j - 11. Let h be t(-6). Let a = f + h. List the prime factors of a.
3
Suppose 1 = a, 0 = 2*z + 3*a - 2*a + 91. Let k = z - -79. What are the prime factors of k?
3, 11
Let x be (-140)/15 - 1/(-3). Let g = x + 17. List the prime factors of g.
2
